 the greatest common factor of 115 and 68247647.
23
What is the highest common factor of 158299600 and 80?
80
Calculate the highest common factor of 18 and 6652626.
6
Calculate the greatest common factor of 82590 and 120.
30
Calculate the highest common factor of 1956198 and 4589224.
8254
Calculate the highest common divisor of 349842 and 4017030.
1758
What is the greatest common factor of 131901 and 136983?
231
What is the highest common divisor of 181650748 and 2924?
172
Calculate the highest common factor of 840 and 2256120.
120
Calculate the greatest common divisor of 35 and 81991560.
35
Calculate the highest common divisor of 72747213 and 1029.
1029
What is the greatest common divisor of 378 and 117288?
54
Calculate the highest common divisor of 63648 and 161928.
936
Calculate the greatest common divisor of 1339100 and 5.
5
Calculate the highest common divisor of 52006920 and 120.
120
Calculate the greatest common divisor of 36 and 295529172.
12
What is the highest common divisor of 927460055 and 41970?
6995
What is the greatest common factor of 102802 and 221339?
1049
Calculate the highest common factor of 56465 and 865.
5
What is the highest common divisor of 28170474 and 96?
6
Calculate the greatest common divisor of 479518 and 610.
2
What is the highest common divisor of 397062 and 9369?
27
Calculate the highest common divisor of 1075883 and 1215399.
2683
Calculate the greatest common factor of 254484908 and 5532.
1844
Calculate the greatest common factor of 112293 and 11487158.
4159
What is the greatest common divisor of 1453782 and 132?
66
Calculate the highest common divisor of 648635 and 1937.
13
What is the greatest common factor of 48891078 and 3924?
1962
Calculate the greatest common divisor of 164589 and 38999.
661
What is the greatest common divisor of 10381740 and 252540?
1380
Calculate the greatest common factor of 32080551 and 573.
573
Calculate the highest common divisor of 7973550 and 31200.
1950
What is the greatest common divisor of 52501083 and 51?
51
What is the greatest common divisor of 41 and 75594611?
41
What is the greatest common divisor of 59964 and 11800284?
3156
Calculate the greatest common factor of 18384790 and 1220.
610
What is the greatest common divisor of 3883361 and 6177?
29
What is the highest common divisor of 28 and 344160?
4
Calculate the greatest common factor of 3638884 and 62.
2
Calculate the highest common factor of 669138 and 544104.
1374
What is the greatest common factor of 279 and 5574?
3
What is the greatest common divisor of 542414 and 179014?
158
What is the greatest common factor of 15090351 and 2?
1
What is the highest common divisor of 698065675 and 75?
25
Calculate the greatest common factor of 21444664 and 16.
8
What is the highest common divisor of 1886 and 2156582534?
1886
Calculate the greatest common divisor of 19831351 and 94612.
3379
Calculate the greatest common factor of 10243763 and 27728.
1733
What is the greatest common divisor of 16200459 and 891?
297
Calculate the greatest common factor of 4087221 and 447.
3
Calculate the greatest common factor of 1183 and 4670939.
91
What is the greatest common divisor of 198 and 2508099?
33
Calculate the greatest common divisor of 22839 and 3910.
23
Calculate the highest common factor of 254086120 and 72680.
3160
What is the greatest common divisor of 498 and 3036000726?
498
What is the highest common factor of 308 and 258223636?
44
Calculate the greatest common factor of 132 and 8363289.
33
What is the greatest common divisor of 5434264 and 2574?
22
What is the highest common divisor of 398 and 14021341?
199
What is the highest common divisor of 208 and 2893488?
208
What is the greatest common factor of 6336 and 7130178?
198
Calculate the highest common divisor of 187870 and 4590.
10
What is the highest common factor of 380 and 285324140?
380
Calculate the greatest common factor of 293432 and 2064.
344
Calculate the greatest common divisor of 465 and 286568805.
465
What is the greatest common factor of 987 and 288743231?
329
What is the greatest common factor of 615670 and 730?
10
What is the highest common divisor of 14878128 and 8976?
816
Calculate the greatest common factor of 5918 and 1753686.
22
What is the highest common factor of 21409000 and 11060?
1580
What is the greatest common factor of 369220 and 2980?
20
Calculate the greatest common divisor of 5114976 and 7360.
32
Calculate the greatest common factor of 2 and 28325308.
2
What is the highest common factor of 2568 and 112797688?
856
What is the greatest common factor of 2933 and 19300816?
419
Calculate the greatest common factor of 1517744 and 522.
58
What is the highest common factor of 5345582233 and 431?
431
Calculate the highest common factor of 30085 and 1127610.
55
What is the highest common divisor of 112 and 139093248?
112
What is the highest common factor of 27885 and 1776720?
165
What is the greatest common divisor of 284756446 and 15054?
5018
Calculate the highest common factor of 1154370 and 4416.
138
What is the highest common divisor of 1429116 and 1131?
39
Calculate the highest common divisor of 706880940 and 158.
158
Calculate the highest common factor of 2900 and 3992024.
116
Calculate the greatest common factor of 2556 and 2720208.
12
What is the greatest common factor of 467602 and 115022?
578
Calculate the greatest common factor of 4499 and 567963.
11
What is the greatest common divisor of 15651656 and 19462?
526
What is the greatest common divisor of 295933378 and 2418?
806
What is the highest common factor of 2869773 and 15933?
141
Calculate the greatest common divisor of 5072596 and 68.
68
Calculate the highest common divisor of 1363968 and 41292.
1332
Calculate the highest common factor of 4025060 and 11645.
685
Calculate the highest common divisor of 42160658 and 437.
19
Calculate the greatest common divisor of 99 and 9314559.
9
What is the highest common divisor of 64179 and 10304295?
7131
Calculate the highest common factor of 39 and 3359369.
13
What is the highest common divisor of 20219883 and 15?
3
What is the greatest common factor of 32 and 1226534464?
32
Calculate the greatest common factor of 260640 and 6539530.
1810
What is the highest common factor of 1541 and 1204556?
23
Calculate the greatest common factor of 372028007 and 148.
37
What is the highest common divisor of 1768 and 26996?
68
Calculate the greatest common factor of 23 and 3081977.
23
Calculate the greatest common divisor of 21875 and 2083025.
175
Calculate the highest common divisor of 13290685 and 85.
85
What is the highest common divisor of 52696 and 203476?
28
What is the greatest common divisor of 123467233 and 31003?
4429
What is the highest common divisor of 161509 and 2379768?
433
Calculate the highest common divisor of 2405397 and 628.
157
What is the highest common divisor of 675437 and 2961?
329
Calculate the greatest common factor of 5689019 and 7.
7
Calculate the highest common factor of 57339227 and 22.
11
What is the highest common factor of 2189180 and 49970?
190
Calculate the highest common factor of 37 and 85147619.
37
What is the highest common divisor of 7459202 and 244?
122
Calculate the highest common factor of 14786 and 249225423.
7393
Calculate the highest common divisor of 209348 and 2388.
796
What is the highest common divisor of 76373960 and 9264?
1544
What is the greatest common factor of 4315557 and 32460?
1623
What is the highest common factor of 428301880 and 5764?
524
Calculate the greatest common factor of 104081587 and 36829.
2833
Calculate the greatest common factor of 105 and 2620050.
15
What is the highest common factor of 5967298 and 67492?
718
Calculate the highest common factor of 67045158 and 783.
783
Calculate the highest common divisor of 170357680 and 80.
80
What is the greatest common factor of 30334794 and 714?
42
Calculate the greatest common divisor of 576373 and 301.
7
Calculate the greatest common divisor of 34496935 and 1045.
55
Calculate the greatest common factor of 2673 and 22086108.
891
What is the highest common divisor of 848 and 1364567680?
848
Calculate the highest common factor of 34358955 and 255.
255
What is the highest common divisor of 6552 and 5370876?
252
Calculate the highest common factor of 929436 a